{"id":336,"date":"2024-06-20T10:45:54","date_gmt":"2024-06-20T08:45:54","guid":{"rendered":"http:\/\/192.168.1.165\/dual_wp\/?page_id=336"},"modified":"2024-10-03T09:25:59","modified_gmt":"2024-10-03T07:25:59","slug":"sistemas-normalizados","status":"publish","type":"page","link":"https:\/\/dualconsultores.es\/index.php\/sistemas-normalizados\/","title":{"rendered":"Sistemas normalizados"},"content":{"rendered":"\t\t<div data-elementor-type=\"wp-page\" data-elementor-id=\"336\" class=\"elementor elementor-336\">\n\t\t\t\t<div class=\"elementor-element elementor-element-ed97802 e-flex e-con-boxed e-con e-parent\" data-id=\"ed97802\" data-element_type=\"container\">\n\t\t\t\t\t<div class=\"e-con-inner\">\n\t\t\t\t<div class=\"elementor-element elementor-element-9337d6c elementor-widget elementor-widget-heading\" data-id=\"9337d6c\" data-element_type=\"widget\" data-widget_type=\"heading.default\">\n\t\t\t\t<div class=\"elementor-widget-container\">\n\t\t\t<style>\/*! elementor - v3.22.0 - 17-06-2024 *\/\n.elementor-heading-title{padding:0;margin:0;line-height:1}.elementor-widget-heading .elementor-heading-title[class*=elementor-size-]>a{color:inherit;font-size:inherit;line-height:inherit}.elementor-widget-heading .elementor-heading-title.elementor-size-small{font-size:15px}.elementor-widget-heading .elementor-heading-title.elementor-size-medium{font-size:19px}.elementor-widget-heading .elementor-heading-title.elementor-size-large{font-size:29px}.elementor-widget-heading .elementor-heading-title.elementor-size-xl{font-size:39px}.elementor-widget-heading .elementor-heading-title.elementor-size-xxl{font-size:59px}<\/style><h4 class=\"elementor-heading-title elementor-size-default\">IMPLANTACI\u00d3N Y SEGUIMIENTO DE SISTEMAS  NORMALIZADOS: CALIDAD, GESTI\u00d3N AMBIENTAL, HIGIENE ALIMENTARIA, ETC.<\/h4>\t\t<\/div>\n\t\t\t\t<\/div>\n\t\t\t\t\t<\/div>\n\t\t\t\t<\/div>\n\t\t<div class=\"elementor-element elementor-element-c432976 e-flex e-con-boxed e-con e-parent\" data-id=\"c432976\" data-element_type=\"container\">\n\t\t\t\t\t<div class=\"e-con-inner\">\n\t\t\t\t<div class=\"elementor-element elementor-element-fca7a47 elementor-widget elementor-widget-html\" data-id=\"fca7a47\" data-element_type=\"widget\" data-widget_type=\"html.default\">\n\t\t\t\t<div class=\"elementor-widget-container\">\n\t\t\t<div style=\"text-align: center; color: Dodgerblue;\"><i class=\"fa-solid fa-thumbs-up fa-4x\"><\/i><\/div>\t\t<\/div>\n\t\t\t\t<\/div>\n\t\t<div class=\"elementor-element elementor-element-69a43fa e-con-full e-flex e-con e-child\" data-id=\"69a43fa\" data-element_type=\"container\">\n\t\t\t\t<div class=\"elementor-element elementor-element-1a335ec elementor-widget elementor-widget-text-editor\" data-id=\"1a335ec\" data-element_type=\"widget\" data-widget_type=\"text-editor.default\">\n\t\t\t\t<div class=\"elementor-widget-container\">\n\t\t\t<style>\/*! elementor - v3.22.0 - 17-06-2024 *\/\n.elementor-widget-text-editor.elementor-drop-cap-view-stacked .elementor-drop-cap{background-color:#69727d;color:#fff}.elementor-widget-text-editor.elementor-drop-cap-view-framed .elementor-drop-cap{color:#69727d;border:3px solid;background-color:transparent}.elementor-widget-text-editor:not(.elementor-drop-cap-view-default) .elementor-drop-cap{margin-top:8px}.elementor-widget-text-editor:not(.elementor-drop-cap-view-default) .elementor-drop-cap-letter{width:1em;height:1em}.elementor-widget-text-editor .elementor-drop-cap{float:left;text-align:center;line-height:1;font-size:50px}.elementor-widget-text-editor .elementor-drop-cap-letter{display:inline-block}<\/style>\t\t\t\t<p><span style=\"color: #666666;\">Por Sistema Normalizado se entiende cualquier m\u00e9todo de gesti\u00f3n implantado en las empresas y que responden a una norma o est\u00e1ndar aprobada por entidades de reconocido prestigio y auditadas por entidades certificadoras acreditadas.<\/span><\/p><p><span style=\"color: #666666;\">De ese modo se encuentran, entre otras, los sistemas regulados por las normas ISO (Calidad, Gesti\u00f3n Ambiental, Higiene Alimentaria, etc), u otros est\u00e1ndares redactados por otras entidades normativas (BRC, IFFS, OHSAS) y destinadas a la higiene alimentaria, prevenci\u00f3n de riesgos laborales, etc.<\/span><\/p>\t\t\t\t\t\t<\/div>\n\t\t\t\t<\/div>\n\t\t\t\t<\/div>\n\t\t\t\t\t<\/div>\n\t\t\t\t<\/div>\n\t\t<div class=\"elementor-element elementor-element-5a39434 e-flex e-con-boxed e-con e-parent\" data-id=\"5a39434\" data-element_type=\"container\">\n\t\t\t\t\t<div class=\"e-con-inner\">\n\t\t\t\t<div class=\"elementor-element elementor-element-850db5f elementor-widget elementor-widget-html\" data-id=\"850db5f\" data-element_type=\"widget\" data-widget_type=\"html.default\">\n\t\t\t\t<div class=\"elementor-widget-container\">\n\t\t\t<div style=\"text-align: center; color: Dodgerblue;\"><i class=\"fa-solid fa-certificate fa-4x\"><\/i><\/div>\t\t<\/div>\n\t\t\t\t<\/div>\n\t\t<div class=\"elementor-element elementor-element-b87711a e-con-full e-flex e-con e-child\" data-id=\"b87711a\" data-element_type=\"container\">\n\t\t\t\t<div class=\"elementor-element elementor-element-2708a84 elementor-widget elementor-widget-text-editor\" data-id=\"2708a84\" data-element_type=\"widget\" data-widget_type=\"text-editor.default\">\n\t\t\t\t<div class=\"elementor-widget-container\">\n\t\t\t\t\t\t\t<p><span style=\"color: #666666;\">Dual Consultores dispone de t\u00e9cnicos suficientes para garantizar el \u00e9xito de la implantaci\u00f3n de cualquier Sistema Normalizado, as\u00ed como de colaboraci\u00f3n con Entidades Certificadoras de reconocido prestigio mundial (entre otras, SGS o T\u00fcv-NOR).<\/span><\/p><p><span style=\"color: #666666;\">Una vez implantado el sistema, no siempre la empresa dispone de recursos suficientes para garantizar un seguimiento adecuado, debido a que no siempre se dispone de los conocimientos t\u00e9cnicos adecuados para realizar con eficacia esta labor.<\/span><\/p>\t\t\t\t\t\t<\/div>\n\t\t\t\t<\/div>\n\t\t\t\t<\/div>\n\t\t\t\t\t<\/div>\n\t\t\t\t<\/div>\n\t\t<div class=\"elementor-element elementor-element-78c88b7 e-flex e-con-boxed e-con e-parent\" data-id=\"78c88b7\" data-element_type=\"container\">\n\t\t\t\t\t<div class=\"e-con-inner\">\n\t\t\t\t<div class=\"elementor-element elementor-element-48e26fb elementor-widget elementor-widget-html\" data-id=\"48e26fb\" data-element_type=\"widget\" data-widget_type=\"html.default\">\n\t\t\t\t<div class=\"elementor-widget-container\">\n\t\t\t<div style=\"text-align: center; color: Dodgerblue;\"><i class=\"fa-solid fa-list-check fa-4x\"><\/i><\/div>\t\t<\/div>\n\t\t\t\t<\/div>\n\t\t<div class=\"elementor-element elementor-element-93f7bae e-con-full e-flex e-con e-child\" data-id=\"93f7bae\" data-element_type=\"container\">\n\t\t\t\t<div class=\"elementor-element elementor-element-990d6ce elementor-widget elementor-widget-text-editor\" data-id=\"990d6ce\" data-element_type=\"widget\" data-widget_type=\"text-editor.default\">\n\t\t\t\t<div class=\"elementor-widget-container\">\n\t\t\t\t\t\t\t<p><span style=\"color: #666666;\">Dual Consultores ofrece el servicio de Mantenimiento anual de dichos Sistemas, no s\u00f3lo desde el punto de vista de\u00a0<strong>consultor\u00eda<\/strong>, sino destinando un\u00a0<strong>Responsable del Sistema<\/strong>\u00a0a la empresa, quien, aunque externalizado, colabore activamente con los Responsables de las diferentes \u00e1reas y se encargue de la gesti\u00f3n documental del sistema, liberando al departamento de Administraci\u00f3n de la empresa del engorro que supone la generaci\u00f3n y control de la documentaci\u00f3n propia de este sector.<\/span><\/p><p><span style=\"color: #666666;\">Algunas labores que se incluir\u00edan en la implantaci\u00f3n y mantenimiento de cualquier sistema podr\u00edan estar las siguientes:<\/span><\/p>\t\t\t\t\t\t<\/div>\n\t\t\t\t<\/div>\n\t\t\t\t<\/div>\n\t\t\t\t\t<\/div>\n\t\t\t\t<\/div>\n\t\t<div class=\"elementor-element elementor-element-8e76c81 e-con-full e-flex e-con e-parent\" data-id=\"8e76c81\" data-element_type=\"container\">\n\t\t\t\t<div class=\"elementor-element elementor-element-0b6377b elementor-widget elementor-widget-text-editor\" data-id=\"0b6377b\" data-element_type=\"widget\" data-widget_type=\"text-editor.default\">\n\t\t\t\t<div class=\"elementor-widget-container\">\n\t\t\t\t\t\t\t<ul><li><span style=\"color: #666666;\">Planificaci\u00f3n anual del Sistema.<\/span><\/li><li><span style=\"color: #666666;\">Redacci\u00f3n y actualizaciones pertinentes de toda la Documentaci\u00f3n del Sistema.<\/span><\/li><li><span style=\"color: #666666;\">Comprobaci\u00f3n del uso de dicha documentaci\u00f3n.<\/span><\/li><li><span style=\"color: #666666;\">Realizaci\u00f3n de las reuniones necesarias para la implantaci\u00f3n y el buen funcionamiento del Sistema.<\/span><\/li><li><span style=\"color: #666666;\">Presencia t\u00e9cnica y de asesor\u00eda en la determinaci\u00f3n y seguimiento de los Objetivos anuales o en la identificaci\u00f3n y seguimiento de los Indicadores del Sistema.<\/span><\/li><li><span style=\"color: #666666;\">Gesti\u00f3n y seguimiento de las No Conformidades.<\/span><\/li><li><span style=\"color: #666666;\">Gesti\u00f3n integrada y control del Sistema y de sus procesos.<\/span><\/li><li><span style=\"color: #666666;\">Adaptaci\u00f3n y modificaci\u00f3n de documentaci\u00f3n y registros.<\/span><\/li><li><span style=\"color: #666666;\">Gesti\u00f3n de recursos humanos en cuanto al sistema implantado.<\/span><\/li><li><span style=\"color: #666666;\">Evaluaci\u00f3n del grado de satisfacci\u00f3n del cliente.<\/span><\/li><li><span style=\"color: #666666;\">Evaluaci\u00f3n de proveedores.<\/span><\/li><li><span style=\"color: #666666;\">Identificaci\u00f3n y evaluaci\u00f3n de aspectos ambientales.<\/span><\/li><li><span style=\"color: #666666;\">Presencia y gesti\u00f3n de documentos resultantes de la Revisi\u00f3n del Sistema por Direcci\u00f3n.<\/span><\/li><li><span style=\"color: #666666;\">Realizaci\u00f3n de la auditor\u00eda interna.<\/span><\/li><li><span style=\"color: #666666;\">Presencia en la auditor\u00eda de certificaci\u00f3n y realizaci\u00f3n del plan de acciones correctivas.<\/span><\/li><li><span style=\"color: #666666;\">Formaci\u00f3n, informaci\u00f3n y concienciaci\u00f3n del personal de la empresa en cuanto al sistema implantado.<\/span><\/li><\/ul>\t\t\t\t\t\t<\/div>\n\t\t\t\t<\/div>\n\t\t\t\t<\/div>\n\t\t\t\t<\/div>\n\t\t","protected":false},"excerpt":{"rendered":"<p>IMPLANTACI\u00d3N Y SEGUIMIENTO DE SISTEMAS NORMALIZADOS: CALIDAD, GESTI\u00d3N AMBIENTAL, HIGIENE ALIMENTARIA, ETC. Por Sistema Normalizado se entiende cualquier m\u00e9todo de gesti\u00f3n implantado en las empresas y que responden a una norma o est\u00e1ndar aprobada por entidades de reconocido prestigio y auditadas por entidades certificadoras acreditadas. De ese modo se encuentran, entre otras, los sistemas regulados [&hellip;]<\/p>\n","protected":false},"author":2,"featured_media":0,"parent":0,"menu_order":0,"comment_status":"closed","ping_status":"closed","template":"elementor_theme","meta":{"footnotes":""},"_links":{"self":[{"href":"https:\/\/dualconsultores.es\/index.php\/wp-json\/wp\/v2\/pages\/336"}],"collection":[{"href":"https:\/\/dualconsultores.es\/index.php\/wp-json\/wp\/v2\/pages"}],"about":[{"href":"https:\/\/dualconsultores.es\/index.php\/wp-json\/wp\/v2\/types\/page"}],"author":[{"embeddable":true,"href":"https:\/\/dualconsultores.es\/index.php\/wp-json\/wp\/v2\/users\/2"}],"replies":[{"embeddable":true,"href":"https:\/\/dualconsultores.es\/index.php\/wp-json\/wp\/v2\/comments?post=336"}],"version-history":[{"count":22,"href":"https:\/\/dualconsultores.es\/index.php\/wp-json\/wp\/v2\/pages\/336\/revisions"}],"predecessor-version":[{"id":1018,"href":"https:\/\/dualconsultores.es\/index.php\/wp-json\/wp\/v2\/pages\/336\/revisions\/1018"}],"wp:attachment":[{"href":"https:\/\/dualconsultores.es\/index.php\/wp-json\/wp\/v2\/media?parent=336"}],"curies":[{"name":"wp","href":"https:\/\/api.w.org\/{rel}","templated":true}]}}